 6) to base 2.
-11001100
What is 9 (base 14) in base 2?
1001
Convert -100 (base 4) to base 10.
-16
What is 133 (base 5) in base 14?
31
-5 (base 14) to base 16
-5
What is 20 (base 5) in base 4?
22
11 (base 16) to base 4
101
Convert -258 (base 10) to base 15.
-123
What is -1 (base 7) in base 8?
-1
Convert -12120 (base 3) to base 4.
-2112
Convert -11101 (base 2) to base 14.
-21
What is 11101 (base 2) in base 7?
41
Convert 14 (base 16) to base 13.
17
What is -7 (base 14) in base 10?
-7
113 (base 4) to base 8
27
What is 5 (base 12) in base 8?
5
Convert 1 (base 13) to base 7.
1
Convert 25 (base 6) to base 16.
11
-2 (base 16) to base 2
-10
Convert -8 (base 16) to base 7.
-11
Convert 4 (base 15) to base 3.
11
What is -47 (base 8) in base 4?
-213
Convert -22 (base 4) to base 6.
-14
Convert -242 (base 6) to base 12.
-82
1d (base 16) to base 3
1002
6 (base 8) to base 15
6
Convert 2 (base 15) to base 10.
2
Convert -30 (base 4) to base 2.
-1100
1023 (base 4) to base 6
203
What is -100001 (base 2) in base 12?
-29
Convert -43 (base 13) to base 15.
-3a
Convert 4b (base 13) to base 2.
111111
What is -2b (base 13) in base 7?
-52
Convert -3b (base 13) to base 11.
-46
-3 (base 14) to base 16
-3
What is 2 (base 5) in base 15?
2
What is -35 (base 15) in base 16?
-32
-2 (base 8) to base 6
-2
39 (base 11) to base 15
2c
What is 1 (base 8) in base 12?
1
Convert -3 (base 16) to base 12.
-3
Convert 0 (base 14) to base 8.
0
What is 55 (base 13) in base 4?
1012
What is -110 (base 3) in base 14?
-c
What is -3 (base 10) in base 3?
-10
Convert -7 (base 9) to base 13.
-7
What is 0 (base 7) in base 6?
0
Convert 3 (base 4) to base 3.
10
Convert -673 (base 8) to base 2.
-110111011
Convert 4 (base 5) to base 8.
4
What is -14 (base 12) in base 16?
-10
What is 3 (base 12) in base 7?
3
-3 (base 16) to base 9
-3
What is 0 (base 2) in base 6?
0
273 (base 9) to base 11
198
6 (base 15) to base 11
6
What is -4 (base 7) in base 4?
-10
Convert -3 (base 8) to base 16.
-3
445 (base 6) to base 14
c5
-3 (base 9) to base 8
-3
Convert -2 (base 10) to base 15.
-2
What is 53 (base 6) in base 8?
41
What is -2c (base 15) in base 13?
-33
-111 (base 4) to base 3
-210
-10 (base 4) to base 13
-4
Convert -2 (base 10) to base 2.
-10
111 (base 2) to base 3
21
-42 (base 6) to base 15
-1b
Convert 171 (base 9) to base 2.
10010001
Convert 11111100 (base 2) to base 15.
11c
What is -213 (base 4) in base 14?
-2b
What is 3 (base 14) in base 7?
3
-f (base 16) to base 2
-1111
What is -2 (base 8) in base 11?
-2
211 (base 3) to base 15
17
What is 2 (base 5) in base 6?
2
-121 (base 6) to base 3
-1211
What is -23 (base 8) in base 10?
-19
What is -3 (base 16) in base 2?
-11
What is -2 (base 15) in base 13?
-2
What is 10110 (base 3) in base 4?
1131
What is b (base 14) in base 13?
b
-1d (base 16) to base 13
-23
What is 3 (base 8) in base 3?
10
What is 9 (base 13) in base 14?
9
What is 1322 (base 6) in base 16?
152
-1001110 (base 2) to base 11
-71
-29 (base 15) to base 10
-39
What is 0 (base 13) in base 16?
0
-4 (base 16) to base 12
-4
123 (base 8) to base 9
102
-11 (base 10) to base 3
-102
-a (base 14) to base 8
-12
148 (base 11) to base 13
104
Convert -17 (base 11) to base 15.
-13
What is -476 (base 8) in base 5?
-2233
Convert -1 (base 6) to base 12.
-1
-111 (base 10) to base 3
-11010
What is 201 (base 5) in base 10?
51
What is 7 (base 16) in base 7?
10
What is 11011 (base 2) in base 5?
102
What is -2e (base 15) in base 9?
-48
What is 12 (base 11) in base 4?
31
Convert 0 (base 13) to base 5.
0
331 (base 7) to base 13
100
What is 6 (base 8) in base 14?
6
Convert 1111 (base 3) to base 10.
40
What is -11001011 (base 2) in base 3?
-21112
What is -12 (base 10) in base 7?
-15
Convert b0 (base 13) to base 3.
12022
What is 87 (base 10) in base 6?
223
-204 (base 6) to base 2
-1001100
0 (base 5) to base 14
0
Convert 0 (base 12) to base 2.
0
4 (base 11) to base 10
4
2 (base 12) to base 10
2
-110 (base 2) to base 15
-6
-4 (base 8) to base 4
-10
What is 156 (base 7) in base 8?
132
What is 55 (base 9) in base 4?
302
What is 1 (base 4) in base 12?
1
Convert -12 (base 6) to base 13.
-8
Convert 6 (base 8) to base 15.
6
What is -50 (base 8) in base 15?
-2a
What is -20 (base 4) in base 11?
-8
Convert 3 (base 7) to base 10.
3
What is -26 (base 11) in base 8?
-34
What is 162 (base 11) in base 12?
139
10 (base 11) to base 10
11
What is -2 (base 3) in base 4?
-2
-13 (base 14) to base 10
-17
Convert 4 (base 13) to base 11.
4
Convert -1 (base 16) to base 14.
-1
Convert 0 (base 11) to base 7.
0
Convert -4 (base 12) to base 7.
-4
Convert -6 (base 13) to base 4.
-12
Convert 231 (base 4) to base 5.
140
What is -221 (base 8) in base 11?
-122
-112 (base 5) to base 13
-26
Convert -12 (base 11) to base 3.
-111
Convert -6d (base 16) to base 5.
-414
What is 54 (base 6) in base 8?
42
13 (base 8) to base 14
b
Convert -2 (base 13) to base 5.
-2
What is -34 (base 14) in base 8?
-56
Convert -622 (base 8) to base 11.
-336
-5 (base 11) to base 15
-5
2 (base 5) to base 10
2
Convert 14 (base 8) to base 3.
110
What is 0 (base 12) in base 16?
0
3a (base 13) to base 15
34
-14 (base 13) to base 6
-25
What is 34 (base 7) in base 9?
27
-3 (base 10) to base 2
-11
130 (base 4) to base 9
31
5 (base 12) to base 5
10
-20 (base 3) to base 14
-6
-3 (base 9) to base 13
-3
-3 (base 7) to base 4
-3
What is -1101 (base 2) in base 3?
-111
10 (base 4) to base 16
4
What is 129 (base 11) in base 15?
a2
Convert -c (base 15) to base 10.
-12
-5 (base 15) to base 11
-5
What is -88 (base 10) in base 14?
-64
-330 (base 7) to base 15
-b3
What is 15 (base 8) in base 7?
16
What is -53 (base 6) in base 13?
-27
113 (base 11) to base 13
a5
Convert -5a (base 13) to base 3.
-2210
Convert 100101 (base 2) to base 13.
2b
-10 (base 11) to base 16
-b
What is 533 (base 6) in base 15?
d6
-234 (base 7) to base 8
-173
Convert 10122 (base 3) to base 15.
68
Convert -1 (base 8) to base 15.
-1
What is -153 (base 10) in base 14?
-ad
What is 30 (base 4) in base 14?
c
What is 210 (base 5) in base 10?
55
What is -10 (base 3) in base 5?
-3
What is -14 (base 11) in base 2?
-1111
What is -2 (base 15) in base 9?
-2
11 (base 4) to base 12
5
What is -93 (base 16) in base 6?
-403
What is 33 (base 6) in base 10?
21
What is d4 (base 16) in base 13?
134
Convert 21 (base 14) to base 4.
131
What is -20 (base 3) in base 6?
-10
What is -33 (base 8) in base 11?
-25
-5 (base 8) to base 12
-5
What is 4 (base 8) in base 4?
10
1114 (base 6) to base 11
219
Convert 12 (base 4) to base 12.
6
Convert -47 (base 8) to base 6.
-103
Convert 1230 (base 4) to base 7.
213
What is -12 (base 7) in base 2?
-1001
Convert -1143 (base 5) to base 14.
-c5
What is 2322 (base 4) in base 3?
20220
Convert 12 (base 11) to base 15.
d
6 (base 14) to base 13
6
What is 1 (base 13) in base 15?
1
What is 0 (base 11) in base 2?
0
Convert -3323 (base 4) to base 16.
-fb
0 (base 9) to base 16
0
Convert -1100 (base 2) to base 13.
-c
What is -12 (base 10) in base 9?
-13
What is -75 (base 9) in base 8?
-104
5 (base 15) to base 10
5
1 (base 10) to base 11
1
-17 (base 13) to base 11
-19
What is 101 (base 3) in base 7?
13
12 (base 3) to base 13
5
Convert 7 (base 9) to base 5.
12
Convert -100110 (base 2) to base 12.
-32
111 (base 2) to base 4
13
What is -140 (base 8) in base 3?
-10120
What is 10000 (base 2) in base 15?
11
Convert -7 (base 15) to base 10.
-7
What is -131 (base 11) in base 7?
-311
What is 1012 (base 4) in base 5?
240
Convert -123 (base 6) to base 2.
-110011
What is 19 (base 12) in base 7?
30
Convert 6c (base 16) to base 4.
1230
34 (base 10) to base 2
100010
-44 (base 11) to base 16
-30
Convert -1211 (base 3) to base 2.
-110001
What is 5 (base 11) in base 7?
5
What is 9 (base 13) in base 5?
14
What is 1 (base 4) in base 10?
1
-9 (base 13) to base 16
-9
Convert 22 (base 6) to base 5.
24
Convert -3 (base 11) to base 12.
-3
4 (base 10) to base 6
4
121 (base 6) to base 12
41
Convert -1 (base 15) to base 2.
-1
Convert -14 (base 6) to base 10.
-10
Convert -3 (base 4) to base 8.
-3
Convert 173 (base 11) to base 12.
149
Convert 0 (base 2) to base 16.
0
-3 (base 14) to base 13
-3
1 (base 14) to base 6
1
Convert -132 (base 10) to base 11.
-110
Convert 62 (base 14) to base 3.
10012
What is 35 (base 8) in base 15?
1e
-23 (base 12) to base 13
-21
Convert c8 (base 13) to